{"id":512,"date":"2025-02-27T16:20:45","date_gmt":"2025-02-27T15:20:45","guid":{"rendered":"https:\/\/traildugerbier-prelenfrey.fr\/?page_id=512"},"modified":"2026-03-12T17:01:05","modified_gmt":"2026-03-12T16:01:05","slug":"12-km-2","status":"publish","type":"page","link":"https:\/\/traildugerbier-prelenfrey.fr\/index.php\/12-km-2\/","title":{"rendered":"12 km 2026"},"content":{"rendered":"\n<p>Trail familial en for\u00eat avec passages raides. Tr\u00e8s belle vue sur les massifs alpins.<br>D\u00e9part 9h.<\/p>\n\n\n\n<p><a href=\"https:\/\/tracedetrail.fr\/fr\/trace\/288703\" target=\"_blank\" rel=\"noreferrer noopener\">https:\/\/tracedetrail.fr\/fr\/trace\/288703<\/a><\/p>\n\n\n\n<figure class=\"wp-block-image size-large\"><img loading=\"lazy\" decoding=\"async\" width=\"1024\" height=\"828\" src=\"https:\/\/traildugerbier-prelenfrey.fr\/wp-content\/uploads\/2025\/02\/Capture-decran-2025-02-27-a-16.17.19-1-1024x828.png\" alt=\"\" class=\"wp-image-531\" srcset=\"https:\/\/traildugerbier-prelenfrey.fr\/wp-content\/uploads\/2025\/02\/Capture-decran-2025-02-27-a-16.17.19-1-1024x828.png 1024w, https:\/\/traildugerbier-prelenfrey.fr\/wp-content\/uploads\/2025\/02\/Capture-decran-2025-02-27-a-16.17.19-1-300x242.png 300w, https:\/\/traildugerbier-prelenfrey.fr\/wp-content\/uploads\/2025\/02\/Capture-decran-2025-02-27-a-16.17.19-1-768x621.png 768w, https:\/\/traildugerbier-prelenfrey.fr\/wp-content\/uploads\/2025\/02\/Capture-decran-2025-02-27-a-16.17.19-1-1536x1241.png 1536w, https:\/\/traildugerbier-prelenfrey.fr\/wp-content\/uploads\/2025\/02\/Capture-decran-2025-02-27-a-16.17.19-1-850x687.png 850w, https:\/\/traildugerbier-prelenfrey.fr\/wp-content\/uploads\/2025\/02\/Capture-decran-2025-02-27-a-16.17.19-1.png 1554w\" sizes=\"auto, (max-width: 1024px) 100vw, 1024px\" \/><\/figure>\n\n\n\n<div class=\"wp-block-file\"><a id=\"wp-block-file--media-0f7be05c-93ed-4569-99e5-667bb27da066\" href=\"https:\/\/traildugerbier-prelenfrey.fr\/wp-content\/uploads\/2025\/02\/12_km_2024_avec_signaleurs.gpx\">12_km_2024_avec_signaleurs<\/a><a href=\"https:\/\/traildugerbier-prelenfrey.fr\/wp-content\/uploads\/2025\/02\/12_km_2024_avec_signaleurs.gpx\" class=\"wp-block-file__button wp-element-button\" download aria-describedby=\"wp-block-file--media-0f7be05c-93ed-4569-99e5-667bb27da066\">T\u00e9l\u00e9charger<\/a><\/div>\n","protected":false},"excerpt":{"rendered":"<p>Trail familial en for\u00eat avec passages raides. Tr\u00e8s belle vue sur les massifs alpins.D\u00e9part 9h. https:\/\/tracedetrail.fr\/fr\/trace\/288703<\/p>\n","protected":false},"author":1,"featured_media":0,"parent":0,"menu_order":0,"comment_status":"closed","ping_status":"closed","template":"","meta":{"footnotes":""},"class_list":["post-512","page","type-page","status-publish","hentry"],"_links":{"self":[{"href":"https:\/\/traildugerbier-prelenfrey.fr\/index.php\/wp-json\/wp\/v2\/pages\/512","targetHints":{"allow":["GET"]}}],"collection":[{"href":"https:\/\/traildugerbier-prelenfrey.fr\/index.php\/wp-json\/wp\/v2\/pages"}],"about":[{"href":"https:\/\/traildugerbier-prelenfrey.fr\/index.php\/wp-json\/wp\/v2\/types\/page"}],"author":[{"embeddable":true,"href":"https:\/\/traildugerbier-prelenfrey.fr\/index.php\/wp-json\/wp\/v2\/users\/1"}],"replies":[{"embeddable":true,"href":"https:\/\/traildugerbier-prelenfrey.fr\/index.php\/wp-json\/wp\/v2\/comments?post=512"}],"version-history":[{"count":6,"href":"https:\/\/traildugerbier-prelenfrey.fr\/index.php\/wp-json\/wp\/v2\/pages\/512\/revisions"}],"predecessor-version":[{"id":646,"href":"https:\/\/traildugerbier-prelenfrey.fr\/index.php\/wp-json\/wp\/v2\/pages\/512\/revisions\/646"}],"wp:attachment":[{"href":"https:\/\/traildugerbier-prelenfrey.fr\/index.php\/wp-json\/wp\/v2\/media?parent=512"}],"curies":[{"name":"wp","href":"https:\/\/api.w.org\/{rel}","templated":true}]}}

<p>Trail familial en forêt avec passages raides. Très belle vue sur les massifs alpins.<br>Départ 9h.</p>



<p><a href="https://tracedetrail.fr/fr/trace/288703" target="_blank" rel="noreferrer noopener">https://tracedetrail.fr/fr/trace/288703</a></p>



<figure class="wp-block-image size-large"><img loading="lazy" decoding="async" width="1024" height="828" src="https://traildugerbier-prelenfrey.fr/wp-content/uploads/2025/02/Capture-decran-2025-02-27-a-16.17.19-1-1024x828.png" alt="" class="wp-image-531" srcset="https://traildugerbier-prelenfrey.fr/wp-content/uploads/2025/02/Capture-decran-2025-02-27-a-16.17.19-1-1024x828.png 1024w, https://traildugerbier-prelenfrey.fr/wp-content/uploads/2025/02/Capture-decran-2025-02-27-a-16.17.19-1-300x242.png 300w, https://traildugerbier-prelenfrey.fr/wp-content/uploads/2025/02/Capture-decran-2025-02-27-a-16.17.19-1-768x621.png 768w, https://traildugerbier-prelenfrey.fr/wp-content/uploads/2025/02/Capture-decran-2025-02-27-a-16.17.19-1-1536x1241.png 1536w, https://traildugerbier-prelenfrey.fr/wp-content/uploads/2025/02/Capture-decran-2025-02-27-a-16.17.19-1-850x687.png 850w, https://traildugerbier-prelenfrey.fr/wp-content/uploads/2025/02/Capture-decran-2025-02-27-a-16.17.19-1.png 1554w" sizes="auto, (max-width: 1024px) 100vw, 1024px" /></figure>



<div class="wp-block-file"><a id="wp-block-file--media-0f7be05c-93ed-4569-99e5-667bb27da066" href="https://traildugerbier-prelenfrey.fr/wp-content/uploads/2025/02/12_km_2024_avec_signaleurs.gpx">12_km_2024_avec_signaleurs</a><a href="https://traildugerbier-prelenfrey.fr/wp-content/uploads/2025/02/12_km_2024_avec_signaleurs.gpx" class="wp-block-file__button wp-element-button" download aria-describedby="wp-block-file--media-0f7be05c-93ed-4569-99e5-667bb27da066">Télécharger</a></div>

<p>Trail familial en forêt avec passages raides. Très belle vue sur les massifs alpins.Départ 9h. https://tracedetrail.fr/fr/trace/288703</p>
